- 2*a + 19, -5*a = 3*h - a - 59. Suppose 9 = 5*f - h. Let y(r) = 7*r**2 - 333*r - 123. Calculate the remainder when y(48) is divided by f.
3
Let k be -4*(-1)/2*(1 + -18). Let o = -24 - k. What is the remainder when 280/6 + 2/6 is divided by o?
7
Suppose -2*d = -2*p - 912, -20*p - 2259 = -5*d - 22*p. What is the remainder when 1400 is divided by d?
41
Let f = -1 - -7. Let q(g) = 2*g**2 + 5*g - 12. Suppose -39*h + 837 = -21*h + 9*h. What is the remainder when q(f) is divided by h?
28
Suppose 42*w = 24*w - 30*w + 2544. What is the remainder when w is divided by 14?
11
Let a = 29 + -10. Let q = -6494 + 6521. What is the remainder when q is divided by a?
8
Let d = 5215 + -5013. Calculate the remainder when d is divided by 162.
40
Let g(m) = m**2 - m + 105. Let f = 6 + -6. Let u be f - 0/(-1 - 2). What is the remainder when g(u) is divided by 36?
33
Let o(b) = 2*b**2 - 91*b - 205. Suppose 3*q - 305 = -4*w, w = -4*q - 3*w + 408. Calculate the remainder when q is divided by o(48).
33
Suppose 83 = 3*w - 0*w + 5*a, 4*w + 3*a = 96. Suppose 2*r - 60 = 5*x - 3*r, r - 44 = 3*x. Let l = x + w. What is the remainder when 29 is divided by l?
4
Let g = -31889 + 32371. Calculate the remainder when g is divided by 226.
30
Let l(j) = 1349*j + 20256. Let p(r) = 75*r + 2. Calculate the remainder when p(3) is divided by l(-15).
17
Let k = 12 + -5. Let j(a) = 83*a - 1985. Calculate the remainder when j(24) is divided by k.
0
What is the remainder when -3 + -1 + (-129)/(-3) is divided by (-16)/(-7) - (-330)/462?
0
Let o(n) = 4*n**2 + 3*n - 41. Let f(w) = -6*w**2 - 4*w + 61. Let y(l) = 5*f(l) + 8*o(l). What is the remainder when 62 is divided by y(-6)?
12
Suppose 4*l = -5*f + 830, -2*l + 1841*f - 1844*f = -416. Calculate the remainder when l is divided by 87.
31
Suppose 5*y + 675 = 328*x - 323*x, -2*x + 312 = 5*y. What is the remainder when 589 is divided by x?
25
Suppose 43*o + 10 = 48*o. Suppose 0 = 4*d + y - 129, 2*d - 2*y - 78 = o*y. Let n = d + 34. What is the remainder when n is divided by 23?
21
Let k(d) = 61*d + 47*d - 153 - 102*d. Calculate the remainder when 11 is divided by k(26).
2
Calculate the remainder when 289 is divided by (-192266)/(-3514) + (-12)/7.
24
Let r(h) = 2*h**2 + 7*h + 62. Let c(i) = -i**2 + 17*i - 9. Let k be c(17). What is the remainder when r(k) is divided by 41?
38
Let v(q) = 2*q**2 - q - 7. Suppose 3*s = -j + 68, -4*s - 38 = 3*j - 132. Suppose -s*i = -33*i + 286. What is the remainder when v(-5) is divided by i?
22
Let t(p) = -p**2 - 8*p + 10. Let b be t(-8). Let s = 175 - 123. Calculate the remainder when s is divided by (-120)/(-36)*54/b.
16
Let q = 2 - -30. Let y be (1 - 2)/(2/(-32)). Let t = y - -46. What is the remainder when t is divided by q?
30
Let n = -440 - -457. Let d = -174 - -343. Calculate the remainder when d is divided by n.
16
Suppose 3*q + 264 = 261. Calculate the remainder when (q - (-3284)/10) + (-32)/80 is divided by 66.
63
Let g = -43 - -186. Suppose i + 7*f - g = 8*f, 5*f + 572 = 4*i. Calculate the remainder when i is divided by 55.
33
What is the remainder when 2620 is divided by (-52)/39*(-138)/(-14)*21/(-12)?
21
What is the remainder when 287 is divided by 3/(-5)*(-38080)/1344?
15
Suppose 3*n - 9 = -l, 5*l = -2*n + 22 + 10. Calculate the remainder when -5 + l + 1 + 29 is divided by 11.
9
Suppose -3*r - 2*b = -438, 37*r - 34*r - 396 = 5*b. Calculate the remainder when r is divided by 19.
9
Let o be (3 - 2)/3*(-330)/(-22). What is the remainder when (-37179)/(-255) - (-1)/o is divided by 69?
8
Let j(h) = 7*h**3 - 8*h**2 + 2*h + 3. Let f be j(3). Suppose f = -17*n + 23*n. What is the remainder when 102 is divided by n?
18
Let d(p) be the second derivative of p**4/12 - 3*p**3/2 + 629*p**2/2 + 16*p - 2. What is the remainder when d(0) is divided by 42?
41
Suppose -6 = -6*k + 9*k. Let g(h) = 15*h - 46. Let n(u) = -3*u + 9. Let s(i) = k*g(i) - 11*n(i). Calculate the remainder when s(5) is divided by 4.
0
Let h(a) = a**2 + a + 52. Calculate the remainder when 14400/195 - (-10)/65 is divided by h(0).
22
Let c(n) = 5*n**2 - 26*n + 7*n**2 - 135 - 13*n**2. What is the remainder when 70 is divided by c(-14)?
4
Suppose 0 = 12*c - c - 715. Suppose -14*s + 17*s = -5*l + 84, 2 = -s. Calculate the remainder when c is divided by l.
11
Suppose 3*v - 26 = -2. Suppose -28 = -v*i - 4. Let m = 16 - 5. What is the remainder when m is divided by i?
2
Suppose -935*f + 871*f + 4864 = 0. Calculate the remainder when 1541 is divided by f.
21
Let b(c) be the third derivative of c**5/30 + 17*c**4/6 + 17*c**3 - c**2 - 30*c. Calculate the remainder when 50 is divided by b(-33).
14
Let j(m) = 2*m**2 - 3*m - 1. Let l(f) = -f + 4. Let n be l(1). Let o be j(n). Suppose o*t + 2*t - 150 = 0. What is the remainder when t is divided by 8?
7
Suppose -2225 - 85280 = -185*p. Calculate the remainder when p is divided by 26.
5
Suppose 0 = -3*u + 3*w + 372, u + 3*w - 153 = -9. Calculate the remainder when 254 is divided by u.
125
Let l(c) = -198*c + 606. Suppose 195 - 65 = 3*z + 5*k, k = -z + 40. Calculate the remainder when z is divided by l(3).
11
What is the remainder when 82269/72 + -2 + (-95)/(-40) is divided by 164?
159
Let r be 3/(-1 + (-10)/(-4)). Suppose -41*w + 1726 + 1671 = 2782. Calculate the remainder when (2 + 0)/r*43 is divided by w.
13
Let v(m) = 3*m - 31. Let w be v(12). Suppose -i + 3*b = -0*b - 20, -i = w*b - 4. Calculate the remainder when 124 is divided by (-3 - i/(-8))*-20.
24
Suppose -2*f + 5*b - 226 = 0, f - 4*b + 142 = 23. Let k = f - -128. What is the remainder when 107 is divided by k?
7
Let r(h) = -3*h**3 + 2*h**2 - 11*h - 13. Suppose 0 = x + 2*s - 6*s - 27, -3*x + 4*s = -113. Calculate the remainder when r(-4) is divided by x.
40
Suppose 7*g - 529 = 2*g + i, -5*i + 323 = 3*g. Calculate the remainder when g is divided by 2 + -8 - ((-31)/(-93))/((-2)/372).
50
Suppose -280*w + 75943 = 13223. Calculate the remainder when 618 is divided by w.
170
Let z(x) = -x**3 + 25*x**2 + 13*x - 126. What is the remainder when z(25) is divided by 69?
61
Let g be (-188)/(-14) - (480/(-56) + 8). Suppose 0 = 2*b + 5*y - 52 + g, 0 = 2*b - 2*y - 24. Calculate the remainder when 278 is divided by b.
12
Let s be 629/2 + (-115)/(-46). Let j = s - 308. What is the remainder when 169 is divided by j?
7
Let x = -1494 + 1516. Suppose -99 = 4*u + 5*b - 615, 2*u - 228 = 5*b. What is the remainder when u is divided by x?
14
Suppose -2*h + 92 = 2*h. Let n(z) = -z**3 - 9*z**2 + 27*z - 83. What is the remainder when (-5)/((-5)/2)*h is divided by n(-12)?
21
Suppose 20*w - 3120 = -10*w. Calculate the remainder when w is divided by 33.
5
Let r be -6*9/(-7 + -11). Suppose x = 3*j - 257, -3*j = -8*j + r*x + 423. What is the remainder when j is divided by 13?
9
Calculate the remainder when ((-1056)/2464)/((-1)/1379) is divided by 92.
39
Let v = 12496 + -12152. What is the remainder when v is divided by 72?
56
Let x(q) = 140*q - 456. Calculate the remainder when 254 is divided by x(4).
46
Let k = 13832 - 10884. Calculate the remainder when k is divided by 184.
4
Let z(u) = -8*u**3 - 2*u**2 + u + 2. Let a be (-4)/((-5)/(10/(-4))). Calculate the remainder when z(a) is divided by (-3)/(-2)*(-304)/(-24).
18
Let u = 380 - 324. Suppose 41*f - u*f + 240 = 0. Calculate the remainder when 23 is divided by f.
7
Suppose 12*y = 168 + 264. Suppose 0 = 2*i - y - 48. What is the remainder when i is divided by -1*(1 + -3) - -10?
6
Let l = -128 - -143. What is the remainder when 13 is divided by (-28)/(-42)*l/2?
3
Let o = -27121 - -27396. Calculate the remainder when 1103 is divided by o.
3
Let g = 903 - 1556. Let w = g - -681. What is the remainder when w is divided by 9?
1
What is the remainder when 551 is divided by (-102)/(7 + 10) - -214*3/6?
46
Let p = 278 + -290. Calculate the remainder when 3683/58 - 2/(p/3) is divided by 22.
20
Let k(w) = -w**3 - 25*w**2 - 23*w - 54. Let l be k(-24). Let p = -78 - l. What is the remainder when 28 is divided by (4 - (3 - p))*3 + 5?
4
Let g be (-28 + 27)/(2/4 + 0). Calculate the remainder when 57 is divided by (77 + -59)*g/8*-2.
3
Let h = 28686 + -28251. Calculate the remainder when h is divided by 27.
3
Let x = 14365 + -9910. What is the remainder when x is divided by 49?
45
Let t(w) = w**2 - 6*w - 484. Calculate the remainder when 203 is divide